remainder when d(11) is divided by v.
13
Let j(x) = 6*x**2 - 7*x**2 - 4*x**2 + 3*x**3 - 2*x**3 + 5. Suppose 4*k = 3*u - k - 26, 2*k = -u + 27. What is the remainder when u is divided by j(5)?
2
Let k be 12*(1/2 + 0). Let u(c) = 5*c. Calculate the remainder when u(3) is divided by (8/(-3))/((-4)/k).
3
Suppose 222 + 78 = 15*d. What is the remainder when 98 is divided by d?
18
Let a(v) = v**3 + 9*v**2 + 15*v - 8. Let o be a(-7). Calculate the remainder when 110 is divided by (-5)/o*(57 + 0).
15
Suppose 0 = -54*a + 176 + 310. Calculate the remainder when 47 is divided by a.
2
Let i(d) = d**2 - 11*d + 4. Let b(u) = -u**2 + 11*u - 4. Let q(g) = 5*b(g) + 6*i(g). Let n = 6 - -5. What is the remainder when n is divided by q(11)?
3
Suppose -5*r + 10 = 3*c, 0 = 2*r - 6*r + 2*c + 8. Calculate the remainder when (-47*(2 - 0))/(-1) is divided by (r + 22)*(-10)/75*-10.
30
Let a(b) = b**2 + 1. Let h(c) = -4*c**2 - 9*c. Let z(g) = 2*a(g) + h(g). What is the remainder when z(-4) is divided by 3?
0
Suppose -51 = 7*t - 10*t. Let s = 142 - 58. Calculate the remainder when s is divided by t.
16
What is the remainder when 762 is divided by (-6 - 18)/((-12)/32)?
58
Let l = -125 - -211. Let j = l + -59. What is the remainder when j is divided by 6?
3
Suppose 281 = 5*z + 4*x, 5*z - x + 269 = 10*z. What is the remainder when 262 is divided by z?
50
Suppose 12 = 3*p - 0*p. Suppose 9 - 1 = p*f. Suppose 0 = f*j - 5 - 9. What is the remainder when 20 is divided by j?
6
Let x = -266 - -329. What is the remainder when 125 is divided by x?
62
Let y be -1 + 4 - (-1 + -3). Suppose 80 = y*i + i. What is the remainder when 17 is divided by i?
7
Let f = -37 + 54. Suppose -2*q + 15 = -f. Calculate the remainder when 45 is divided by q.
13
Let m(i) = i**3 - 8*i**2 + 18. Calculate the remainder when m(9) is divided by 12.
3
Let j(f) = 10*f**2 - 31*f + 167. What is the remainder when j(7) is divided by 37?
33
Suppose -19 = -4*y + 9. Suppose -y*g = -4*w - 3*g + 48, -21 = -w - 2*g. What is the remainder when 116 is divided by w?
11
Let k = -1018 - -1034. Calculate the remainder when 2559 is divided by k.
15
Let t = -2 + 35. What is the remainder when t is divided by 9?
6
Suppose 4*q - 501 = 219. Calculate the remainder when q is divided by 14.
12
Let y be 10/((-32)/(-14) + 2/(-7)). Suppose 4*t - y*o + 48 = 120, -3*t + 5*o = -54. Calculate the remainder when t is divided by 204/28 - (-2)/(-7).
4
Suppose -3*f + 18 = 3*r - 3, -r = -4*f + 8. Suppose -2*g - 60 = 3*y - 251, -f*g = y - 66. What is the remainder when y is divided by 32?
31
Suppose 22*o = 15*o + 483. Let u = 46 - 32. Calculate the remainder when o is divided by u.
13
Suppose 2*f - 2*a - 8 = -f, -a + 2 = 0. Let b = 229 + -179. Suppose 5*z = 3*c - 0*z - 53, 0 = -2*c - f*z + b. Calculate the remainder when 82 is divided by c.
19
Suppose 5*g - 4*m = 100, 2*g + 13 = -3*m + 30. Calculate the remainder when 60 is divided by g.
12
Suppose -5*b = -x + 76, x + x - 152 = -3*b. Calculate the remainder when x is divided by 16.
12
Suppose 2*y = -3*y + 15. Suppose 0*t + 28 = y*w - 2*t, -w + 4*t = 4. Calculate the remainder when w is divided by 5.
2
Let v = -70 + 40. Let u = v + 39. What is the remainder when 34 is divided by u?
7
Suppose -11*z + 234 = -140. Suppose 0 = -q + 5*p + 2, 5*q + 5*p - 9 - 1 = 0. Calculate the remainder when z is divided by 6*1 + q + -1.
6
Suppose 0 = 4*s + s - 1590. Let h = s + -222. Suppose 5*n - 49 = h. Calculate the remainder when n is divided by 16.
13
Suppose -2*r = 5*p - 272, 2*r + 104 = 2*p - 2*r. What is the remainder when p is divided by 6?
0
Suppose 3*o + 3*x = 15, -3*x - 58 = -5*o + 7. Calculate the remainder when 64 is divided by o.
4
Let h be (-2)/(-6) + 16/6. Suppose 4*k = h*j + 189, 3*k + k - j = 191. What is the remainder when k is divided by 150/(-6)*(2 + -1 + -2)?
23
Let x be (-2 + 128)/(-4 - -6). Suppose -s - 5*l + x = 0, -2*s = -5*l - 0*l - 96. What is the remainder when 208 is divided by s?
49
Let j(q) = q**2 + 8*q + 4. Suppose 0 = 2*g - 4, t + 2*g = -g - 2. Let v be j(t). Let h = v + -2. Calculate the remainder when 5 is divided by h.
1
Let w be 6/(-4)*(264/(-9))/11. Suppose -w*q + 885 = i, 2*q - 5*i = 4*q - 447. What is the remainder when q is divided by 32?
29
Let f = 62 - 37. Let j = f + -23. Suppose t - 2*n = 11, 0 = t + 3*t + j*n - 34. What is the remainder when 15 is divided by t?
6
Let i(x) = -x**2 - 2*x + 5. Let k be i(0). Suppose o = 5 - 1, k*o - 16 = b. What is the remainder when 29 is divided by b?
1
Let r(u) = -u**3 + 51*u**2 + 7. What is the remainder when 95 is divided by r(51)?
4
Suppose n + 5*n = -12. What is the remainder when ((-3)/n)/((-63)/(-1848)) is divided by 12?
8
Suppose 0 = -c + 5*n + 36, -4*c + 2*n = -6*c + 132. What is the remainder when 731 is divided by c?
60
Let y(f) be the second derivative of f**3/6 - 3*f**2/2 + 12*f. Suppose 4*r = -m + 32 - 8, r - 55 = -2*m. Calculate the remainder when m is divided by y(13).
8
Suppose w = 3*q - 240, 4*w - 277 = -3*q - 22. What is the remainder when q is divided by -1*(-18 + 2/2)?
13
Suppose -5*w - 30 = 2*n, 3*w = -11 - 1. Let q = 2 + n. Let y(t) = -t**3 - 2*t**2 + 2*t + 3. Calculate the remainder when 23 is divided by y(q).
5
Let y = 33 - 30. Suppose 0 = y*o + 3, 2*o = 5*h - 253 + 41. Suppose d + 4*d = 75. Calculate the remainder when h is divided by d.
12
Let s = 3198 - 3180. Calculate the remainder when 806 is divided by s.
14
Let l = -1624 - -3387. Calculate the remainder when l is divided by 63.
62
Let p = -39 - -77. Suppose 12*c = 105 + 51. What is the remainder when p is divided by c?
12
Suppose -18 = 9*w - 90. What is the remainder when 26 is divided by w?
2
Suppose -2*n + y + 37 = 0, 0 = 152*n - 150*n - 4*y - 46. Calculate the remainder when 1000 is divided by n.
14
Let i = 185 - 267. Let h = i - -98. What is the remainder when h is divided by 9?
7
Calculate the remainder when 344 is divided by 4/(-16) - (8 + (-233)/4).
44
Suppose -5*v = -v - 32. Let r be v/6 - (-8)/12. Suppose 0*i - 29 = -i - 2*t, -5*t = r*i - 56. What is the remainder when i is divided by 17?
16
Suppose -2*b - 2*u = 0, -b - 3*u - 12 + 4 = 0. Suppose b*r - r + 3*h = 210, 161 = 2*r - 5*h. Calculate the remainder when r is divided by 19.
16
Suppose -2*z - 17 = -3. Let i(y) = y**3 + 7*y**2 - y - 4. Let h be i(z). Let m = h - -24. Calculate the remainder when m is divided by 7.
6
Let o = -10 + 7. Let n be 107/(o + 20/8). Let t = -140 - n. What is the remainder when t is divided by 25?
24
Suppose -14*d + 140 = -0*d. Suppose d*j - 8 = 8*j. What is the remainder when 39 is divided by j?
3
Suppose o - 37*i - 323 = -38*i, 3*o + 4*i = 970. What is the remainder when o is divided by 109?
104
Let w be (-4)/(-8) + 84/8. Let o(d) = 7*d**2 + 2 - d**3 - 5*d**2 - 4*d**2 - w*d - 9*d**2. Calculate the remainder when 69 is divided by o(-10).
9
Let c(t) = -3*t + 1. Let z be c(1). Let r = 8 + z. What is the remainder when 21 is divided by r?
3
Let p(f) = 2*f + 21. Let r be p(-12). Let l = -1 - r. What is the remainder when l/3*-6 - -47 is divided by 9?
7
Suppose 3*n + 33 = 3*x, -4*n - 5 - 4 = x. Calculate the remainder when ((-22)/(-8))/(3/36) is divided by x.
5
Let d = -31 + 45. Suppose 5*z + 4*w - 132 = 0, -3*w - 10 = -2*z + 29. What is the remainder when z is divided by d?
10
Let x be (0/(-6))/(-3 - -2). Let w = -6 + x. Calculate the remainder when 13 is divided by w/(3*1/(-4)).
5
Let i = -241 + 264. Let w = 61 - 17. Calculate the remainder when w is divided by i.
21
Let r = -58 + 61. Suppose 2*y = -3*f + 11 + 98, -4*f = -r*y + 138. Let a(w) = 15*w**2 - w. Calculate the remainder when y is divided by a(1).
8
Suppose 5*n + g = n + 419, -545 = -5*n + 3*g. Let z = 186 + -140. What is the remainder when z is divided by (-4)/(-18) + n/9?
10
Let z(u) = u**3 - 6*u**2 - 10*u - 5. Calculate the remainder when z(8) is divided by (92/(-16))/(6/(-24)).
20
Suppose 5*a = -3*a + 1992. What is the remainder when a is divided by 22?
7
What is the remainder when 465/3 - (-2 - -9) is divided by 351/12 + (-15)/(-20)?
28
Suppose 62*c - 3458 = 8818. What is the remainder when c is divided by 46?
14
Suppose -3*q + 11*q - 4*q = 0, -3*v + q + 9 = 0. Let l = 3 - 2. Suppose l = 2*o - 5. Calculate the remainder when o is divided by v.
0
Let l = -1027 - -1168. Calculate the remainder when 385 is